2, 5, 7
Suppose 4*y - 3 = -5*i, 5*i + 6*y - 10*y = 27. Suppose 1 = -2*z - i*r - 2*r, 4*z - 12 = 4*r. List the prime factors of z.
2
Suppose 77*s - 78*s + 8693 = 0. What are the prime factors of s?
8693
Let o = -548 + 550. Suppose b = -0*b - 176. List the prime factors of b*o/((-8)/5).
2, 5, 11
Let p(f) = 2*f**2 - 33*f + 143. List the prime factors of p(25).
2, 71
Suppose -4*m - 604 = 592. Let z = 132 - m. What are the prime factors of z?
431
Let j = -83787 - -145797. List the prime factors of j.
2, 3, 5, 13, 53
Let h be 1/((-2)/18)*6/3. Let f be ((192/h)/8)/((-2)/3). Let p = f + 69. List the prime factors of p.
71
Suppose 0 = 4*d - 1 + 13, 0 = -5*f + 3*d + 2554. Let q = f - 323. Suppose 2*c - 3*b - 78 = 0, 5*c - 2*b - b - q = 0. What are the prime factors of c?
2, 3
Suppose -25*z = 31*z - 64*z + 4976. What are the prime factors of z?
2, 311
Suppose 40*f - 11282 = 172227 + 311091. What are the prime factors of f?
5, 2473
Let n be 9/6 + 26/(-4). Let r be (-1)/(1/(-15)*n). What are the prime factors of 23/((-5)/30*r)?
2, 23
Suppose 5*u = -4*w + 42, 3*u - 12 = -w + 2. Let l be (-315)/(-60) - 2/w. List the prime factors of (-2448)/(-30) + 2/l.
2, 41
Suppose -5*r + 4 = 4*q - 17, 0 = q + 1. Suppose 13*v = r*m + 18*v - 1980, 2*v - 1192 = -3*m. List the prime factors of m.
2, 5
Let b = 72 - 293. Let x = b - -256. List the prime factors of x.
5, 7
Let r be (-32)/(-14) + 20/(-70). Suppose -r*u + 0 - 8 = 0. List the prime factors of 1/(-4) + (-101)/u.
5
Let p be (224/12)/(4/126). Suppose -4*t = 4*i - 24, -i - t + 10 = i. Suppose i*f = k + p, f - k = -f + 296. What are the prime factors of f?
2, 73
Let v(w) = 2*w**3 - 26*w**2 + w + 14. Let u be v(13). Suppose 0 = -20*z + u*z - 3339. What are the prime factors of z?
3, 53
Let k(o) = -285*o - 50. Let z be k(-2). Suppose -527 = -3*d + z. What are the prime factors of d?
349
Suppose 7 = -2*q + 5. Let u(t) = -107*t - 3. List the prime factors of u(q).
2, 13
Suppose 8*w = 195522 + 128030. List the prime factors of w.
2, 10111
Let k(a) = a**3 + 8*a**2 - 3*a - 5. Let u be k(-7). Let d(l) = -l**2 + 12*l + 56. Let j be d(14). Let r = j + u. List the prime factors of r.
3, 31
Let t(r) = -147*r + 353. What are the prime factors of t(-22)?
17, 211
Suppose 4*p = -u - u + 26, -3*p + 4*u = -3. Suppose -153 = -8*c + 7*c - p*q, 387 = 3*c - 3*q. List the prime factors of c.
7, 19
Suppose 14*d = 2*d + 7524. Suppose -3*i + 3*m + d = 0, -i - 5*m + 42 + 143 = 0. List the prime factors of i.
5, 41
Let k be 70/(-28)*(-3)/15*6*1. Let h(q) = q**2 - 2. Let n be h(2). Suppose c = k*z - 125, 10 = 2*c + n. List the prime factors of z.
43
Suppose -5*u + 2*d = -89, 93 = 5*u + 8*d - 12*d. Suppose -33*c + u*c = -688. List the prime factors of c.
43
What are the prime factors of 4/(5 - (-1479)/(-296))?
2, 37
Suppose -p = -4*b, -11 = 5*p - 5*b + 4. Let f be (4 - (-13)/p)*4. What are the prime factors of (6/f)/(-2) - -25?
2, 3
Suppose 0 = -5*x - 4*b + 7*b + 59444, 0 = x + 2*b - 11894. What are the prime factors of x?
2, 5, 29, 41
Let h(j) = -752*j**3 - j**2. Let a be h(1). Let l = -90 - a. List the prime factors of l.
3, 13, 17
Let l = -87 + 112. Suppose 0 = 5*g - h - l, -g - 1 = -4*h - 6. Suppose 7*u - 62 = g*u. What are the prime factors of u?
31
Let d(v) = 7*v + 9. Let x = -3 + -24. Let b = -19 - x. List the prime factors of d(b).
5, 13
Let y(k) be the third derivative of 13*k**2 + 0*k + 1/2*k**3 + 5/12*k**4 + 0. What are the prime factors of y(7)?
73
Suppose 2 = -5*o + 7*o. Let n(q) = -o + q**3 + 4*q + 5*q**2 - 5 - 8*q**2 - q. List the prime factors of n(5).
59
Suppose 0 = -2*p + 1368 + 6320. Suppose 1205 + p = 27*j. What are the prime factors of j?
11, 17
Let x = 13 + -36. Let v(z) = z**2 + 24*z + 89. What are the prime factors of v(x)?
2, 3, 11
Let x(g) = 26*g + 7. Let t(a) = -a**3 + 5*a**2 - 3*a + 6. Let m be t(5). Let v(b) = 104*b + 28. Let f(w) = m*x(w) + 2*v(w). List the prime factors of f(-3).
71
Let z = -5626 + 20074. What are the prime factors of z?
2, 3, 7, 43
Let a = -158 - -14567. List the prime factors of a.
3, 1601
Suppose 15117 = 3*p - 23*w + 25*w, -5*p + 3*w = -25195. List the prime factors of p.
5039
Suppose -6*j - 50700 - 194298 = 0. What are the prime factors of 3/(-4) - j/156?
3, 29
Let o = 943 + -623. Suppose -2*i + 25*i = -i. Suppose i = -3*c + 7*c - o. What are the prime factors of c?
2, 5
Let c(t) = 2*t**3 - 21*t**2 + 25*t + 20. Let b be c(9). Suppose -b*k + 4*x = 319 - 2627, 5*k - 3*x = 5742. What are the prime factors of k?
2, 3, 191
Suppose -5*m + 3*f = -29, -14*m + 9*m + 14 = 2*f. Suppose -m*n - 2*h + 380 = 0, -5*h + 360 = 4*n - 32. What are the prime factors of n?
3, 31
Suppose 4*c - 189 = 5*p, 3*p + 88 = -4*c + 269. What are the prime factors of ((-360)/16)/(-9)*3*c?
3, 5, 23
Let t(h) = 3*h**2 - 13*h + 7. Let b be t(5). Suppose -v - 5*q - b = -2*q, 2*q + 10 = 0. List the prime factors of (-2022)/(-14) - v*9/(-42).
2, 3
Suppose -5*v - 7 = f, -f + 3*v + 3 + 6 = 0. Let s be (-2 + 1)*1*f*-5. Suppose s*y - 20 = 11*y. What are the prime factors of y?
5
Let k(o) = -6*o**3 - o**2. Let z be k(1). Let b be (-4)/(-14) - (1181/z + 6). Let m = 279 - b. List the prime factors of m.
2, 29
Suppose 0 = -69*u + 74*u. Suppose 140*n - 126*n - 3990 = u. List the prime factors of n.
3, 5, 19
Suppose -15*j + 51361 = -117959. Suppose -j = -8*k - 1464. What are the prime factors of k?
2, 307
Let l(a) = 4*a - 36. Let w be l(9). Suppose 6*n = -0*n - w*n. Suppose 0 = -n*v - 8*v + 232. What are the prime factors of v?
29
Let b(t) be the second derivative of 16*t + 13/12*t**4 - 5/3*t**3 - 1/20*t**5 + 7/2*t**2 + 0. List the prime factors of b(9).
241
Let g = 10943 - -3764. What are the prime factors of g?
7, 11, 191
Let m(j) = -4*j - 6. Let r be m(-3). Suppose 0 = -3*w - 12 + r. List the prime factors of (-4 + 3 + w)/(-1).
3
Let k(y) = -y**3 - 25*y**2 - 45*y + 2. Let q be k(-23). Suppose -2*s + 18 = -2*b, 3*b + 15 = 5*s - 18. List the prime factors of q/(-14)*(-868)/b.
7, 31
Let o(p) = 21*p + 899. Let m be o(-43). Let w be 1 + (2 - 0 - -1019). List the prime factors of w/(-35)*10/m.
73
Let a = -19 + 18. List the prime factors of a + 493/9 + (-110)/(-495).
2, 3
Suppose 0 = -z + 3*t + 40517, -348*z = -346*z + t - 81076. List the prime factors of z.
5, 11, 67
Suppose 0 = -7*h - 55675 + 186483 + 227774. What are the prime factors of h?
2, 7, 3659
Suppose -32*g - 4*g + 16777 + 170711 = 0. List the prime factors of g.
2, 3, 7, 31
Let y(p) = 6*p - 53. Suppose 4*i + 42 = 3*q, 3*q - 47 = -2*q - i. What are the prime factors of y(q)?
7
Let u(d) be the second derivative of -7*d**3/3 + 74*d**2 - 4*d + 1. List the prime factors of u(0).
2, 37
List the prime factors of 63762 - (4/(-10))/(8/(-480)*6).
2, 71, 449
Let z = 978 - 182. Let i = 1322 - z. What are the prime factors of i?
2, 263
Let u = 222 - 385. Let l = 229 + u. List the prime factors of l.
2, 3, 11
Let w be (-30)/45 - (-38)/3. Let k be 441/(-4) - w/16. Let p = 169 + k. List the prime factors of p.
2, 29
Suppose -274*l = 103*l - 5177341. List the prime factors of l.
31, 443
Let i = 63 + 75. Let m be (-29 - -7)/(1/(-3)). Let l = i - m. What are the prime factors of l?
2, 3
Let t(c) = 40*c - 105. Let a be t(-11). Let b = -473 - a. List the prime factors of b.
2, 3
Suppose 6*g - 15887 - 37717 = 0. What are the prime factors of (-6)/(-15) + (5 - g/(-15))?
601
Suppose 0*q - 3*n - 3 = 5*q, -n = -2*q - 10. Let m be q*4/12 - 35. Let k = m + 69. List the prime factors of k.
3, 11
Let b(m) = m**3 + 2*m**2 - 3*m + 26. Suppose 3*i + 2*t - 18 = 0, 5*i - 34 = 19*t - 21*t. What are the prime factors of b(i)?
2, 3, 107
Let u = 166959 + -99376. List the prime factors of u.
19, 3557
Suppose 0 = 35*y - 49*y + 51*y - 817219. What are the prime factors of y?
13, 1699
List the prime factors of 261275/15 - (-5 + 19/3).
17417
Suppose 0 = -34*a + 128*a - 122655 - 47297. What are the prime factors of a?
2, 113
Let o = 598 - 590. What are the prime factors of (18/(-3))/(o/((-10760)/15))?
2, 269
Let r be (-4)/(-18) - 94021/(-9). Suppose 22*f - r = 11597. List the prime factors of f.
2, 3, 167
Suppose -51009 + 221884 = 47*v - 33434. What are the prime factors of v?
3, 7, 23
Let s = 38 - -264. Let m = s + 206. List the prime factors of m.
2, 127
Let d = 393 - 394. What are the prime factors of 1/3 + d + 1901/3?
3, 211
